{"id":267,"date":"2021-11-30T21:05:23","date_gmt":"2021-11-30T20:05:23","guid":{"rendered":"http:\/\/lcdm.ovh\/?page_id=267"},"modified":"2021-11-30T21:05:23","modified_gmt":"2021-11-30T20:05:23","slug":"playlist-pour-la-meditation","status":"publish","type":"page","link":"https:\/\/lcdm.ovh\/?page_id=267","title":{"rendered":"Playlist pour la m\u00e9ditation"},"content":{"rendered":"\n<p>Dans cette page je vous partagerai humblement les liens YouTube qui m&#8217;accompagne pour mes s\u00e9ances de yoga et de m\u00e9ditation<br><br><em>\ud83d\ude42 Attention \ud83d\ude42 : je suis convaincu part la musicoth\u00e9rapie, mais les sons que je vous propose ont des &#8220;titres&#8221; un peu particuliers, donc ne vous y fi\u00e9 pas forc\u00e9ment.<\/em><\/p>\n\n\n\n<p><\/p>\n\n\n\n<figure class=\"wp-block-embed is-type-video is-provider-youtube wp-block-embed-youtube wp-embed-aspect-16-9 wp-has-aspect-ratio\"><div class=\"wp-block-embed__wrapper\">\n<iframe loading=\"lazy\" title=\"Happiness Frequency: Serotonin, Dopamine, Endorphin Release Music, Release Negativity\" width=\"640\" height=\"360\" src=\"https:\/\/www.youtube.com\/embed\/8M143iRrbgw?feature=oembed\" frameborder=\"0\" allow=\"accelerometer; autoplay; clipboard-write; encrypted-media; gyroscope; picture-in-picture; web-share\" referrerpolicy=\"strict-origin-when-cross-origin\" allowfullscreen><\/iframe>\n<\/div><\/figure>\n\n\n\n<p><\/p>\n\n\n\n<figure class=\"wp-block-embed is-type-video is-provider-youtube wp-block-embed-youtube wp-embed-aspect-16-9 wp-has-aspect-ratio\"><div class=\"wp-block-embed__wrapper\">\n<iframe loading=\"lazy\" title=\"963Hz + 852Hz + 639Hz | Miracle Tones | Activate Pineal Gland | Open Third Eye | Heal Heart Chakra\" width=\"640\" height=\"360\" src=\"https:\/\/www.youtube.com\/embed\/dJoXVILGeKQ?feature=oembed\" frameborder=\"0\" allow=\"accelerometer; autoplay; clipboard-write; encrypted-media; gyroscope; picture-in-picture; web-share\" referrerpolicy=\"strict-origin-when-cross-origin\" allowfullscreen><\/iframe>\n<\/div><\/figure>\n\n\n\n<p><\/p>\n\n\n\n<figure class=\"wp-block-embed is-type-video is-provider-youtube wp-block-embed-youtube wp-embed-aspect-16-9 wp-has-aspect-ratio\"><div class=\"wp-block-embed__wrapper\">\n<iframe loading=\"lazy\" title=\"Fr\u00e9quence  432 Hz - relaxation - Anti-Stress - 1H de MUSIQUE - Franky Joe Texier\" width=\"640\" height=\"360\" src=\"https:\/\/www.youtube.com\/embed\/UUUN2Rp0pUs?feature=oembed\" frameborder=\"0\" allow=\"accelerometer; autoplay; clipboard-write; encrypted-media; gyroscope; picture-in-picture; web-share\" referrerpolicy=\"strict-origin-when-cross-origin\" allowfullscreen><\/iframe>\n<\/div><\/figure>\n\n\n\n<p><\/p>\n\n\n\n<figure class=\"wp-block-embed is-type-video is-provider-youtube wp-block-embed-youtube wp-embed-aspect-16-9 wp-has-aspect-ratio\"><div class=\"wp-block-embed__wrapper\">\n<iframe loading=\"lazy\" title=\"Full Night All 7 Chakras Opening, Balancing &amp; Healing | 7 Chakra 432Hz Sleep Music &amp; Meditation\" width=\"640\" height=\"360\" src=\"https:\/\/www.youtube.com\/embed\/UllduL1OqOc?feature=oembed\" frameborder=\"0\" allow=\"accelerometer; autoplay; clipboard-write; encrypted-media; gyroscope; picture-in-picture; web-share\" referrerpolicy=\"strict-origin-when-cross-origin\" allowfullscreen><\/iframe>\n<\/div><\/figure>\n\n\n\n<p><\/p>\n\n\n\n<figure class=\"wp-block-embed is-type-video is-provider-youtube wp-block-embed-youtube wp-embed-aspect-16-9 wp-has-aspect-ratio\"><div class=\"wp-block-embed__wrapper\">\n<iframe loading=\"lazy\" title=\"852 hz Love Frequency, Raise Your Energy Vibration, Deep Meditation, Healing Tones\" width=\"640\" height=\"360\" src=\"https:\/\/www.youtube.com\/embed\/joXu1AMzzWg?start=2363&#038;feature=oembed\" frameborder=\"0\" allow=\"accelerometer; autoplay; clipboard-write; encrypted-media; gyroscope; picture-in-picture; web-share\" referrerpolicy=\"strict-origin-when-cross-origin\" allowfullscreen><\/iframe>\n<\/div><\/figure>\n\n\n\n<figure class=\"wp-block-embed is-type-video is-provider-youtube wp-block-embed-youtube wp-embed-aspect-16-9 wp-has-aspect-ratio\"><div class=\"wp-block-embed__wrapper\">\n<iframe loading=\"lazy\" title=\"963Hz + 639Hz + 396Hz Open Up to the Universe | Heart Chakra &amp; Let Go | Healing Meditation Music\" width=\"640\" height=\"360\" src=\"https:\/\/www.youtube.com\/embed\/pSXgXAqomMY?feature=oembed\" frameborder=\"0\" allow=\"accelerometer; autoplay; clipboard-write; encrypted-media; gyroscope; picture-in-picture; web-share\" referrerpolicy=\"strict-origin-when-cross-origin\" allowfullscreen><\/iframe>\n<\/div><\/figure>\n\n\n\n<p><\/p>\n\n\n\n<figure class=\"wp-block-embed is-type-video is-provider-youtube wp-block-embed-youtube wp-embed-aspect-16-9 wp-has-aspect-ratio\"><div class=\"wp-block-embed__wrapper\">\nhttps:\/\/www.youtube.com\/watch?v=0L1QQlu3sRg&#038;list=PL7ZthR5OICKi8ztX3ZENCMJ7xQrHR7FUL&#038;index=17\n<\/div><\/figure>\n\n\n\n<p><\/p>\n\n\n\n<figure class=\"wp-block-embed is-type-video is-provider-youtube wp-block-embed-youtube wp-embed-aspect-16-9 wp-has-aspect-ratio\"><div class=\"wp-block-embed__wrapper\">\n<iframe loading=\"lazy\" title=\"M\u00fasica de \u00c1ngeles + Oc\u00e9anos \u2022 M\u00fasica para Sanar Todos los Dolores del Cuerpo, el Alma y el Esp\u00edritu\" width=\"640\" height=\"360\" src=\"https:\/\/www.youtube.com\/embed\/sAArDz7i6Yk?feature=oembed\" frameborder=\"0\" allow=\"accelerometer; autoplay; clipboard-write; encrypted-media; gyroscope; picture-in-picture; web-share\" referrerpolicy=\"strict-origin-when-cross-origin\" allowfullscreen><\/iframe>\n<\/div><\/figure>\n","protected":false},"excerpt":{"rendered":"<p>Dans cette page je vous partagerai humblement les liens YouTube qui m&#8217;accompagne pour mes s\u00e9ances de yoga et de m\u00e9ditation \ud83d\ude42 Attention \ud83d\ude42 : je suis convaincu part la musicoth\u00e9rapie, mais les sons que je vous propose ont des &#8220;titres&#8221; un peu particuliers, donc ne vous y fi\u00e9 pas forc\u00e9ment.<\/p>\n","protected":false},"author":1,"featured_media":0,"parent":0,"menu_order":0,"comment_status":"closed","ping_status":"closed","template":"","meta":{"footnotes":""},"class_list":["post-267","page","type-page","status-publish","hentry"],"yoast_head":"<!-- This site is optimized with the Yoast SEO plugin v27.4 - https:\/\/yoast.com\/product\/yoast-seo-wordpress\/ -->\n<title>Playlist pour la m\u00e9ditation - Les Chroniques D&#039;un M\u00e9ditant<\/title>\n<meta name=\"robots\" content=\"index, follow, max-snippet:-1, max-image-preview:large, max-video-preview:-1\" \/>\n<link rel=\"canonical\" href=\"http:\/\/lcdm.ovh\/?page_id=267\" \/>\n<meta property=\"og:locale\" content=\"en_US\" \/>\n<meta property=\"og:type\" content=\"article\" \/>\n<meta property=\"og:title\" content=\"Playlist pour la m\u00e9ditation - Les Chroniques D&#039;un M\u00e9ditant\" \/>\n<meta property=\"og:description\" content=\"Dans cette page je vous partagerai humblement les liens YouTube qui m&#8217;accompagne pour mes s\u00e9ances de yoga et de m\u00e9ditation \ud83d\ude42 Attention \ud83d\ude42 : je suis convaincu part la musicoth\u00e9rapie, mais les sons que je vous propose ont des &#8220;titres&#8221; un peu particuliers, donc ne vous y fi\u00e9 pas forc\u00e9ment.\" \/>\n<meta property=\"og:url\" content=\"http:\/\/lcdm.ovh\/?page_id=267\" \/>\n<meta property=\"og:site_name\" content=\"Les Chroniques D&#039;un M\u00e9ditant\" \/>\n<meta name=\"twitter:card\" content=\"summary_large_image\" \/>\n<meta name=\"twitter:site\" content=\"@un_meditant\" \/>\n<meta name=\"twitter:label1\" content=\"Est. reading time\" \/>\n\t<meta name=\"twitter:data1\" content=\"1 minute\" \/>\n<script type=\"application\/ld+json\" class=\"yoast-schema-graph\">{\"@context\":\"https:\\\/\\\/schema.org\",\"@graph\":[{\"@type\":\"WebPage\",\"@id\":\"http:\\\/\\\/lcdm.ovh\\\/?page_id=267\",\"url\":\"http:\\\/\\\/lcdm.ovh\\\/?page_id=267\",\"name\":\"Playlist pour la m\u00e9ditation - Les Chroniques D&#039;un M\u00e9ditant\",\"isPartOf\":{\"@id\":\"https:\\\/\\\/lcdm.ovh\\\/#website\"},\"datePublished\":\"2021-11-30T20:05:23+00:00\",\"breadcrumb\":{\"@id\":\"http:\\\/\\\/lcdm.ovh\\\/?page_id=267#breadcrumb\"},\"inLanguage\":\"en-US\",\"potentialAction\":[{\"@type\":\"ReadAction\",\"target\":[\"http:\\\/\\\/lcdm.ovh\\\/?page_id=267\"]}]},{\"@type\":\"BreadcrumbList\",\"@id\":\"http:\\\/\\\/lcdm.ovh\\\/?page_id=267#breadcrumb\",\"itemListElement\":[{\"@type\":\"ListItem\",\"position\":1,\"name\":\"Home\",\"item\":\"https:\\\/\\\/lcdm.ovh\\\/\"},{\"@type\":\"ListItem\",\"position\":2,\"name\":\"Playlist pour la m\u00e9ditation\"}]},{\"@type\":\"WebSite\",\"@id\":\"https:\\\/\\\/lcdm.ovh\\\/#website\",\"url\":\"https:\\\/\\\/lcdm.ovh\\\/\",\"name\":\"Les Chroniques D'un M\u00e9ditant\",\"description\":\"\",\"publisher\":{\"@id\":\"https:\\\/\\\/lcdm.ovh\\\/#\\\/schema\\\/person\\\/f19bab5f04f38f4c03265a711c4c4b15\"},\"potentialAction\":[{\"@type\":\"SearchAction\",\"target\":{\"@type\":\"EntryPoint\",\"urlTemplate\":\"https:\\\/\\\/lcdm.ovh\\\/?s={search_term_string}\"},\"query-input\":{\"@type\":\"PropertyValueSpecification\",\"valueRequired\":true,\"valueName\":\"search_term_string\"}}],\"inLanguage\":\"en-US\"},{\"@type\":[\"Person\",\"Organization\"],\"@id\":\"https:\\\/\\\/lcdm.ovh\\\/#\\\/schema\\\/person\\\/f19bab5f04f38f4c03265a711c4c4b15\",\"name\":\"nansowood\",\"image\":{\"@type\":\"ImageObject\",\"inLanguage\":\"en-US\",\"@id\":\"http:\\\/\\\/lcdm.ovh\\\/wp-content\\\/uploads\\\/2021\\\/11\\\/cropped-manifeste-onenation_chakra2-2.png\",\"url\":\"http:\\\/\\\/lcdm.ovh\\\/wp-content\\\/uploads\\\/2021\\\/11\\\/cropped-manifeste-onenation_chakra2-2.png\",\"contentUrl\":\"http:\\\/\\\/lcdm.ovh\\\/wp-content\\\/uploads\\\/2021\\\/11\\\/cropped-manifeste-onenation_chakra2-2.png\",\"width\":512,\"height\":512,\"caption\":\"nansowood\"},\"logo\":{\"@id\":\"http:\\\/\\\/lcdm.ovh\\\/wp-content\\\/uploads\\\/2021\\\/11\\\/cropped-manifeste-onenation_chakra2-2.png\"},\"sameAs\":[\"http:\\\/\\\/lcdm.ovh\",\"https:\\\/\\\/x.com\\\/@un_meditant\",\"https:\\\/\\\/www.youtube.com\\\/@Leschroniquesdunmditant\"]}]}<\/script>\n<!-- \/ Yoast SEO plugin. -->","yoast_head_json":{"title":"Playlist pour la m\u00e9ditation - Les Chroniques D&#039;un M\u00e9ditant","robots":{"index":"index","follow":"follow","max-snippet":"max-snippet:-1","max-image-preview":"max-image-preview:large","max-video-preview":"max-video-preview:-1"},"canonical":"http:\/\/lcdm.ovh\/?page_id=267","og_locale":"en_US","og_type":"article","og_title":"Playlist pour la m\u00e9ditation - Les Chroniques D&#039;un M\u00e9ditant","og_description":"Dans cette page je vous partagerai humblement les liens YouTube qui m&#8217;accompagne pour mes s\u00e9ances de yoga et de m\u00e9ditation \ud83d\ude42 Attention \ud83d\ude42 : je suis convaincu part la musicoth\u00e9rapie, mais les sons que je vous propose ont des &#8220;titres&#8221; un peu particuliers, donc ne vous y fi\u00e9 pas forc\u00e9ment.","og_url":"http:\/\/lcdm.ovh\/?page_id=267","og_site_name":"Les Chroniques D&#039;un M\u00e9ditant","twitter_card":"summary_large_image","twitter_site":"@un_meditant","twitter_misc":{"Est. reading time":"1 minute"},"schema":{"@context":"https:\/\/schema.org","@graph":[{"@type":"WebPage","@id":"http:\/\/lcdm.ovh\/?page_id=267","url":"http:\/\/lcdm.ovh\/?page_id=267","name":"Playlist pour la m\u00e9ditation - Les Chroniques D&#039;un M\u00e9ditant","isPartOf":{"@id":"https:\/\/lcdm.ovh\/#website"},"datePublished":"2021-11-30T20:05:23+00:00","breadcrumb":{"@id":"http:\/\/lcdm.ovh\/?page_id=267#breadcrumb"},"inLanguage":"en-US","potentialAction":[{"@type":"ReadAction","target":["http:\/\/lcdm.ovh\/?page_id=267"]}]},{"@type":"BreadcrumbList","@id":"http:\/\/lcdm.ovh\/?page_id=267#breadcrumb","itemListElement":[{"@type":"ListItem","position":1,"name":"Home","item":"https:\/\/lcdm.ovh\/"},{"@type":"ListItem","position":2,"name":"Playlist pour la m\u00e9ditation"}]},{"@type":"WebSite","@id":"https:\/\/lcdm.ovh\/#website","url":"https:\/\/lcdm.ovh\/","name":"Les Chroniques D'un M\u00e9ditant","description":"","publisher":{"@id":"https:\/\/lcdm.ovh\/#\/schema\/person\/f19bab5f04f38f4c03265a711c4c4b15"},"potentialAction":[{"@type":"SearchAction","target":{"@type":"EntryPoint","urlTemplate":"https:\/\/lcdm.ovh\/?s={search_term_string}"},"query-input":{"@type":"PropertyValueSpecification","valueRequired":true,"valueName":"search_term_string"}}],"inLanguage":"en-US"},{"@type":["Person","Organization"],"@id":"https:\/\/lcdm.ovh\/#\/schema\/person\/f19bab5f04f38f4c03265a711c4c4b15","name":"nansowood","image":{"@type":"ImageObject","inLanguage":"en-US","@id":"http:\/\/lcdm.ovh\/wp-content\/uploads\/2021\/11\/cropped-manifeste-onenation_chakra2-2.png","url":"http:\/\/lcdm.ovh\/wp-content\/uploads\/2021\/11\/cropped-manifeste-onenation_chakra2-2.png","contentUrl":"http:\/\/lcdm.ovh\/wp-content\/uploads\/2021\/11\/cropped-manifeste-onenation_chakra2-2.png","width":512,"height":512,"caption":"nansowood"},"logo":{"@id":"http:\/\/lcdm.ovh\/wp-content\/uploads\/2021\/11\/cropped-manifeste-onenation_chakra2-2.png"},"sameAs":["http:\/\/lcdm.ovh","https:\/\/x.com\/@un_meditant","https:\/\/www.youtube.com\/@Leschroniquesdunmditant"]}]}},"_links":{"self":[{"href":"https:\/\/lcdm.ovh\/index.php?rest_route=\/wp\/v2\/pages\/267","targetHints":{"allow":["GET"]}}],"collection":[{"href":"https:\/\/lcdm.ovh\/index.php?rest_route=\/wp\/v2\/pages"}],"about":[{"href":"https:\/\/lcdm.ovh\/index.php?rest_route=\/wp\/v2\/types\/page"}],"author":[{"embeddable":true,"href":"https:\/\/lcdm.ovh\/index.php?rest_route=\/wp\/v2\/users\/1"}],"replies":[{"embeddable":true,"href":"https:\/\/lcdm.ovh\/index.php?rest_route=%2Fwp%2Fv2%2Fcomments&post=267"}],"version-history":[{"count":1,"href":"https:\/\/lcdm.ovh\/index.php?rest_route=\/wp\/v2\/pages\/267\/revisions"}],"predecessor-version":[{"id":268,"href":"https:\/\/lcdm.ovh\/index.php?rest_route=\/wp\/v2\/pages\/267\/revisions\/268"}],"wp:attachment":[{"href":"https:\/\/lcdm.ovh\/index.php?rest_route=%2Fwp%2Fv2%2Fmedia&parent=267"}],"curies":[{"name":"wp","href":"https:\/\/api.w.org\/{rel}","templated":true}]}}